t common factor of b and 24?
24
Suppose 0 = 3*n - 25 - 122. Suppose 4*v = w + 31, -2*w = 5*v + 7 - n. What is the greatest common factor of 72 and v?
8
Let g(h) = h**2. Let w be g(1). Suppose 0 = -5*c + 3*r + 13 + 33, 4*r - 34 = -2*c. Let l = c - w. Calculate the highest common factor of l and 20.
10
Suppose 4*g = -8, -4*g + 7*g - 94 = -4*q. Let u(a) = 108*a + 59. Let p be u(2). What is the greatest common divisor of q and p?
25
Let x be 2 - (1106 + 4)/(-6). Calculate the greatest common divisor of x and 17.
17
Suppose 3*f + 42 = 168. Let s be 70/6 + f/(-63). What is the highest common divisor of 33 and s?
11
Let l(n) = -358*n**3 + 2*n**2 + 6*n + 3. Let j be l(-1). Calculate the highest common factor of 102 and j.
51
Suppose 316 = -7*t + 505. Let x be (6/(-8))/((-2)/48). What is the greatest common divisor of x and t?
9
Let z = -155 - -167. Calculate the highest common factor of 15 and z.
3
Suppose -3*z - 31 = -g, g = 2*z - 3*g + 34. Let q be -3*3/z*10. Suppose -2*b - 5*s = q, 2*s - 11 = b + 6*s. What is the greatest common divisor of b and 45?
5
Let u(r) = -r**3 - 3*r**2 - 2*r - 1. Let f = -8 - -5. Let h be u(f). Let o = -27 - -42. Calculate the greatest common divisor of o and h.
5
Suppose 4*t - 100 = -4*z, -3*t - 6*z + 65 = -5*z. What is the highest common factor of 30 and t?
10
Let x(t) = 7*t**3 + 4*t**2 - 8*t + 20. Let f be x(3). Calculate the greatest common factor of f and 13.
13
Let d(j) = 2*j**2 - 55*j + 82. Let o be d(27). What is the highest common factor of 88 and o?
11
Let x = -111 - -129. Let k = x + 68. Calculate the highest common factor of 129 and k.
43
Suppose -12*i + 5356 = -3716. Calculate the greatest common factor of i and 12.
12
Let v = -12 - -13. Let w be 83 + 2 + 2 + v. Calculate the greatest common factor of w and 22.
22
Suppose 11*x = 289 - 69. Calculate the highest common divisor of x and 500.
20
Let c be 1/((0 - 3)/(-6)). Suppose -2 = 4*u - 2*a + c, 0 = -a - 2. Let j(v) = -4*v**3 - 2*v - 1. Let n be j(u). What is the greatest common divisor of 7 and n?
7
Let r be (34/(-68))/((-1)/((-18)/(-1))). Let o = -1 - 0. Let h = o - -4. What is the highest common divisor of h and r?
3
Let f(r) = -r**3 + 13*r**2 + 8*r - 30. Let m be f(12). Calculate the highest common factor of m and 60.
30
Suppose y - 3 - 20 = 0. Suppose 4*r - 497 = 4*c + 1379, -5*r = -c - 2337. Let m = r - 214. What is the highest common divisor of m and y?
23
Let l = 37 + 7. Let q be 45/(-18)*l/(-5). Let j be 8/6*(-9)/(-6). Calculate the greatest common divisor of j and q.
2
Let m(a) = a + 12. Let d = -15 - -5. Let f be m(d). Suppose 0 = -i - f*i + 30. Calculate the highest common factor of 30 and i.
10
Suppose 3*m = -2*x - x + 18, -4*m - 5*x = -20. What is the highest common factor of m and 5?
5
Let o = -1303 + 1439. Let h = -22 - -56. Calculate the greatest common divisor of o and h.
34
Suppose 92*n - 139*n + 12502 = 0. Calculate the greatest common factor of n and 28.
14
Let r be 6/(-9)*(-189)/6. Suppose 26*z = r*z + 130. Calculate the highest common factor of z and 78.
26
Let n = -2 + -17. Let d = n - -55. What is the greatest common factor of d and 60?
12
Let t(y) = y**2 - 9*y - 10. Let g be t(-9). Suppose 2*i + g = 4*n, 5*n - 5*i - 164 = n. Calculate the highest common divisor of n and 9.
9
Let y = -331 + 609. Suppose -5*a + 95 = u, -y = -3*u - 3*a + 19. Calculate the greatest common divisor of 40 and u.
20
Let m(l) = -l**3 - l**2 - 4. Let n be m(-3). Let i be (-115)/460 + (-338)/(-8). Calculate the greatest common factor of i and n.
14
Suppose 5*j + 6 = 16. Suppose 0 = j*i - 24 - 4. Let r be (22 - -1) + -5 + 3. Calculate the greatest common divisor of r and i.
7
Suppose 5*r + 85 = 2*b, -5*b + 163 = 4*r - 0*r. Let t = b - 25. Calculate the highest common factor of 10 and t.
10
Let l(n) = -87*n - 418. Let f be l(-5). What is the greatest common factor of f and 2329?
17
Let o be -7 - (-2 + -2 + 3). Let w be -24*1/(8/o). Let y = 67 + 131. Calculate the greatest common divisor of w and y.
18
Let o be (6/5)/(14/(-70)). Let b = -2 - o. Let d be (8/(-20))/(b/(-540)). Calculate the highest common factor of d and 18.
18
Let g be -11*((-2 - -2) + -1). Let u(i) = 2*i**3 - 7*i**2 + 4*i + 8. Let q be u(3). Calculate the greatest common divisor of q and g.
11
Let f = 211 + -193. What is the greatest common factor of f and 54?
18
Suppose f - 276 = -2*y + 294, -2*y + 2*f + 570 = 0. Calculate the greatest common factor of 190 and y.
95
Suppose 7*v + 4*g = 4*v + 285, g = 4*v - 399. Suppose 0*i + 3*i + 3 = 0. Let b be -11*(-2)/(-2)*i. What is the greatest common factor of v and b?
11
Suppose l - 4*l = 0. Suppose -u + 272 - 41 = l. Let b(f) = 23*f**3 - 4*f**2 + f + 1. Let y be b(1). Calculate the greatest common divisor of y and u.
21
Let m be 2*(-50)/12*-3. Suppose -5*c - 2*f = -746, 3*c - f = 2*c + 152. Let u be ((-16)/(-48))/(2/c). What is the greatest common factor of m and u?
25
Suppose 3*b + 132 = 5*b. Let j = b + -33. What is the highest common divisor of 22 and j?
11
Let r = 8 + -11. Let m = r + 48. Suppose -k = 4, -4*p + p - 5*k = -34. What is the greatest common factor of p and m?
9
Let v be (39/91)/((-2)/(-42)). What is the highest common divisor of 72 and v?
9
Let c be (11/(11/(-162)))/((-6)/3). Calculate the greatest common factor of 45 and c.
9
Suppose 13*y - 8 = 9*y. Suppose 0 + 58 = 2*d + 2*p, -y*d = -5*p - 65. What is the greatest common divisor of 75 and d?
15
Suppose 5*z = -h + 40, 0*h - 5*z - 80 = -5*h. Let o = 293 + -153. What is the greatest common divisor of h and o?
20
Let b(r) = -3 + 0 - r**3 + 1 + 7*r**2 + 2*r. Let y be b(7). Suppose -5*d - y + 77 = 0. What is the greatest common divisor of 52 and d?
13
Suppose -4*l - 16 = -8*l. Suppose 2*w + 11 = 1. Let a = w - -9. Calculate the highest common factor of l and a.
4
Let i(t) = -5*t + 9. Let u be i(-9). Let r(j) = j**3 + 8*j**2 - 5*j + 3. Let l be r(-8). Suppose c - l = -7. Calculate the highest common divisor of c and u.
18
Let m = -528 - -1761. Calculate the greatest common divisor of m and 18.
9
Suppose 0 = -2*h - 4*c + 38, 2*c = -h + 6*h - 107. Let o(w) = w**2 - w + 1. Let j be o(3). Calculate the greatest common divisor of h and j.
7
Let r = 33 + -8. Let b be ((4 - 6) + 3)/(2/(-6)). Let n be (-294)/(-4) + (b/6 - -2). What is the highest common divisor of r and n?
25
Suppose 0 = -x - 5*y + 8, -5*y - 38 = -x - 0*x. Let a(z) = 2*z - 20. Let p be a(11). Suppose 70 = p*g - 344. Calculate the greatest common factor of x and g.
23
Let a be (3/(-2) - -1)*-14. Suppose r - 14 = a. Calculate the highest common divisor of 49 and r.
7
Suppose -3*n - 184099 = 825941. Let t be n/48 + 2/12. Let f be 22/121 + t/(-22). What is the greatest common factor of f and 29?
29
Let i(w) = -w**2 - 10*w + 9. Let z be i(-11). Let n be (1*2/z)/(-1). Calculate the greatest common divisor of 8 and n.
1
Let i(s) = s**3 + 14*s**2 + 19*s + 25. Let y be i(-10). Suppose -4*r + 201 = -175. What is the highest common divisor of y and r?
47
Let l = -14 + 13. Let z be -3 + l/(-1) - 9. Let g be 0/(-1) - (-3 + z). What is the highest common factor of g and 2?
2
Suppose 12 = -2*b + 260. Calculate the greatest common divisor of 217 and b.
31
Suppose -5*q = -9*n + 12*n - 60, 0 = q. Calculate the highest common factor of n and 28.
4
Let t(k) = 2*k**2 - 11*k + 4. Let h be t(-5). Let g = h - 107. What is the greatest common divisor of g and 10?
2
Suppose -5*h = -h + 8, 2*p - 5*h - 94 = 0. Calculate the greatest common divisor of 231 and p.
21
Suppose -7*b + 431 + 94 = 0. Calculate the greatest common divisor of b and 25.
25
Let w = 9 - 3. Suppose 2*g + 144 = -2*u + w*u, -180 = -5*u + g. Let i = 136 + -82. Calculate the greatest common factor of u and i.
18
Let d be 4/18 + 1220/18. Calculate the highest common divisor of 51 and d.
17
Let k(s) = -s**2 - 36*s - 261. Let j be k(-12). What is the highest common divisor of 1 and j?
1
Let d(l) = -l**3 + 3*l**2 + 9*l + 3. Let s be d(-2). Let f be s/(30/4)*3/2. Let r(q) = 2*q + 1. Let i be r(5). Calculate the greatest common divisor of f and i.
1
Let x be (2 + -3)*(-4)/1. Let g(n) be the second derivative of n**4/6 - n**3/2 + n**2/2 - 7*n. Let c be g(x). What is the greatest common factor of 21 and c?
21
Let r(i) = i**2 - 2*i - 6. Let z be r(6). Suppose 1 - 9 = 2*f. Let o be (54 + 0)*f/(-8). Cal